{"id":32,"date":"2014-03-01T16:03:07","date_gmt":"2014-03-01T15:03:07","guid":{"rendered":"https:\/\/shakepeinture.ch\/?page_id=32"},"modified":"2014-03-11T11:55:43","modified_gmt":"2014-03-11T10:55:43","slug":"32-2","status":"publish","type":"page","link":"https:\/\/shakepeinture.ch\/?page_id=32","title":{"rendered":"entreprise"},"content":{"rendered":"<p style=\"text-align: justify; padding-left: 300px;\">En 2010, Kira Graf et Sami Hoxha s\u2019associent pour fonder une soci\u00e9t\u00e9 de pl\u00e2trerie peinture. Apr\u00e8s un premier chantier et des perspectives de travail positives, ils fondent la soci\u00e9t\u00e9 Shake peinture S\u00e0rl le 9 juin 2011. La soci\u00e9t\u00e9 est bas\u00e9e \u00e0 Gen\u00e8ve, son domaine d\u2019activit\u00e9 s\u2019\u00e9tend dans toute la Suisse romande. Ils voient la polyvalence et la compl\u00e9mentarit\u00e9 de leurs comp\u00e9tences respectives comme un atout pour le d\u00e9veloppement de la soci\u00e9t\u00e9.<\/p>\n<hr style=\"padding-left: 300px;\" \/>\n<p style=\"text-align: justify; padding-left: 300px;\"><strong>Kira Graf<\/strong><\/p>\n<p style=\"text-align: justify; padding-left: 300px;\">N\u00e9e \u00e0 Gen\u00e8ve en 1982, elle obtient sa maturit\u00e9 \u00e9conomique en 2001, puis elle entreprend des \u00e9tudes d\u2019architecture d\u2019int\u00e9rieur \u00e0 la HEAD de Gen\u00e8ve. Elle obtient son dipl\u00f4me en 2007. Elle travaille pendant plusieurs ann\u00e9es au sein de diff\u00e9rents bureaux d\u2019architectes dans lesquels elle a pu approfondir ses connaissances techniques, notamment en faisant de la direction de travaux, mais \u00e9galement ses connaissances artistiques, en faisant de la direction architecturale et en participant \u00e0 diff\u00e9rents concours d\u2019architecture. Depuis 2013, elle d\u00e9veloppe son activit\u00e9 \u00e0 100% au sein de la soci\u00e9t\u00e9 Shake peinture S\u00e0rl. Son parcours est un atout majeur dans la compr\u00e9hension des projets et dans la r\u00e9alisation des d\u00e9tails souhait\u00e9s par les architectes et les clients.<\/p>\n<hr style=\"padding-left: 300px;\" \/>\n<p style=\"text-align: justify; padding-left: 300px;\"><strong>Sami Hoxha<\/strong><\/p>\n<p style=\"text-align: justify; padding-left: 300px;\">N\u00e9 au Kosovo en 1985, depuis 2002 il travaille \u00e0 Oslo en Norv\u00e8ge pour la soci\u00e9t\u00e9 \u00ab Hoxa Malerservice \u00bb. Apr\u00e8s s\u2019\u00eatre sp\u00e9cialis\u00e9 dans toutes les techniques de peinture, il a eu l\u2019occasion de travailler sur des nouveaux b\u00e2timents, tel que l\u2019op\u00e9ra d\u2019Oslo, des r\u00e9novations et des restaurations de b\u00e2timents class\u00e9s. En 2006, il est promu chef d\u2019\u00e9quipe et est donc amen\u00e9 \u00e0 g\u00e9rer une quinzaine de personnes ainsi que l\u2019approvisionnement en mat\u00e9riel des chantiers, ce qui lui permet d\u2019acqu\u00e9rir une riche exp\u00e9rience professionnelle ainsi qu\u2019une capacit\u00e9 de leadership. Depuis 2009, il travaille \u00e0 Gen\u00e8ve, d\u2019abord en tant que collaborateur au sein d\u2019une entreprise de la place, puis tr\u00e8s vite son d\u00e9sir de fonder sa propre soci\u00e9t\u00e9 se fait sentir. D\u00e8s 2010, il cr\u00e9e la soci\u00e9t\u00e9 Shake peinture S\u00e0rl. Il aime faire un travail de qualit\u00e9, a le souci du d\u00e9tail et met tout en \u0153uvre pour satisfaire ses clients.<\/p>\n","protected":false},"excerpt":{"rendered":"<p>En 2010, Kira Graf et Sami Hoxha s\u2019associent pour fonder une soci\u00e9t\u00e9 de pl\u00e2trerie peinture. Apr\u00e8s un premier chantier et des perspectives de travail positives, ils fondent la soci\u00e9t\u00e9 Shake peinture S\u00e0rl le 9 juin 2011. La soci\u00e9t\u00e9 est bas\u00e9e \u00e0 Gen\u00e8ve, son domaine d\u2019activit\u00e9 s\u2019\u00e9tend dans toute la Suisse romande. Ils voient la polyvalence [&hellip;]<\/p>\n","protected":false},"author":1,"featured_media":0,"parent":0,"menu_order":0,"comment_status":"closed","ping_status":"closed","template":"template-fullwidth.php","meta":[],"_links":{"self":[{"href":"https:\/\/shakepeinture.ch\/index.php?rest_route=\/wp\/v2\/pages\/32"}],"collection":[{"href":"https:\/\/shakepeinture.ch\/index.php?rest_route=\/wp\/v2\/pages"}],"about":[{"href":"https:\/\/shakepeinture.ch\/index.php?rest_route=\/wp\/v2\/types\/page"}],"author":[{"embeddable":true,"href":"https:\/\/shakepeinture.ch\/index.php?rest_route=\/wp\/v2\/users\/1"}],"replies":[{"embeddable":true,"href":"https:\/\/shakepeinture.ch\/index.php?rest_route=%2Fwp%2Fv2%2Fcomments&post=32"}],"version-history":[{"count":5,"href":"https:\/\/shakepeinture.ch\/index.php?rest_route=\/wp\/v2\/pages\/32\/revisions"}],"predecessor-version":[{"id":235,"href":"https:\/\/shakepeinture.ch\/index.php?rest_route=\/wp\/v2\/pages\/32\/revisions\/235"}],"wp:attachment":[{"href":"https:\/\/shakepeinture.ch\/index.php?rest_route=%2Fwp%2Fv2%2Fmedia&parent=32"}],"curies":[{"name":"wp","href":"https:\/\/api.w.org\/{rel}","templated":true}]}}